f(-7). Let r = p + 393. Let a = r - -304. Calculate the remainder when a is divided by 24.
21
Let q = 193 - 110. Suppose 3*w + 77 = q. Suppose -2*j = -w*o + 224, -2*o - 552 = -7*o - 3*j. Calculate the remainder when o is divided by 14.
13
Calculate the remainder when 142 is divided by 1412/47 + (-124)/2914.
22
Suppose 40*z - 36*z - 24381 = -77*z. What is the remainder when z is divided by 112?
77
Suppose -2*r = r - 69. Let t(w) = 17*w - 1197. What is the remainder when t(73) is divided by r?
21
Let c = -939 + 447. Let h = c - -594. What is the remainder when h is divided by 7?
4
Let s = 15633 - 13510. What is the remainder when s is divided by 22?
11
Let t = 514 + -827. Let g = t - -345. What is the remainder when 81 is divided by g?
17
Suppose -5*i + 3*z = -2117, 73*i - 74*i = z - 433. Calculate the remainder when i is divided by 77.
42
Suppose 16*v - 39089 + 26449 = 0. Calculate the remainder when v is divided by 26.
10
Let z(o) = o**2 - 4*o - 1. Let u be z(7). Let j be 8/u - (-8)/5. Suppose -b - j*n = -39, 2*n + 87 = 2*b - 3*n. Calculate the remainder when 121 is divided by b.
39
Let v = 334 - 306. Suppose -11*f = -7*f - v. What is the remainder when 82 is divided by f?
5
Let x = -109 - -109. Suppose -7*z + 38 + 11 = x. What is the remainder when 17 is divided by z?
3
Suppose -z + 3*x + 68 = 0, -4*z = -2*x - 104 - 198. Let m(f) = -5*f + 48. Let v be m(26). Let p = v + 102. What is the remainder when z is divided by p?
17
Let w be (3 - 7) + ((-3)/(-1) - -1). Suppose z + z = w. Suppose x + 3*c + 11 = z, c + 4*c + 5 = -5*x. What is the remainder when 5 is divided by x?
1
Suppose -3*g + 8450 = y - 36528, 0 = -3*g + 4*y + 44968. Calculate the remainder when g is divided by 153.
151
Suppose 3*w - 2*w = -2*w. Suppose w = -29*g + 2140 - 139. What is the remainder when g is divided by 12?
9
Suppose -48 = -d + 2*c + 3*c, 2*c = d - 63. Let z(a) = -15*a**2 + 87*a + 643. What is the remainder when d is divided by z(10)?
8
Let k be 51 + (-4)/2*6/(-6). Suppose -3*p + 24 = -x - k, -5*p = -x - 127. What is the remainder when 49 is divided by p?
24
Suppose -25*x + 24*x = -26. Let h be 0 - (-17)/5 - x/65. What is the remainder when 118 is divided by (-4)/18*h*-36?
22
Suppose -3*b + 226 = 4*d, -b + 5*d + 77 = 6*d. What is the remainder when b is divided by -1 - 4*(-24)/16?
2
Suppose 0 = 61*q + 21*q - 127 - 693. What is the remainder when 3459 is divided by q?
9
Let i(g) = -11*g - 10*g + 8*g + 123. Calculate the remainder when i(7) is divided by 12.
8
Let s(d) = 3*d**2 - 33*d - 385. Calculate the remainder when 359 is divided by s(-8).
4
Suppose 6597 = 22*z - 1389. What is the remainder when z is divided by 87?
15
Let p = 819 + -799. Suppose 2*q = 5*t - 905, -t + 102 + 92 = -3*q. What is the remainder when t is divided by p?
19
Let k(i) = i**3 + 5*i**2 - 9*i + 1. Let u = -7 + 3. Let w be -4 - (-4)/16*u. What is the remainder when 321 is divided by k(w)?
45
Let d = 42 - 43. Let j be (7/7)/(((-2)/(-34))/d). Let q = 91 - j. What is the remainder when q is divided by 28?
24
Let a(s) = 21 - 16*s**2 + s**3 - 28 - 34*s + 11*s**2. Calculate the remainder when 114 is divided by a(9).
4
Calculate the remainder when 2729 is divided by (68/(-4))/(1918/322 + -6).
383
Let q(u) = -u**3 - 7*u**2 - 6*u - 23. Suppose -5*f - 12*b + 8*b = -60, -60 = -5*f + 2*b. Calculate the remainder when q(-7) is divided by f.
7
Let f(v) = 3*v**3 + 44*v**2 - 18*v - 37. Suppose 0 = -4*q + 7*q - 114. Calculate the remainder when q is divided by f(-15).
6
Suppose -c + 72 = 4*h, 3*c + 4*h + 676 = 860. What is the remainder when 1063 is divided by c?
55
Suppose 55 = 16*y - 297. Let k = -264 - -271. What is the remainder when y is divided by k?
1
Let f be (1 + 0 + 2)*(-4)/(-3). Suppose 0 = 2*v + f*d - 18, 5*d - 42 = -4*v - 0*d. What is the remainder when v is divided by 5?
3
Calculate the remainder when 327 is divided by 66/4 - (-18)/((-468)/91).
2
Let n = -33000 - -33025. What is the remainder when 344 is divided by n?
19
Suppose -2*m - 40*i + 630 = -44*i, 3*m + 4*i - 925 = 0. What is the remainder when m is divided by 43?
10
Let v(x) = x**2 + 86*x + 863. Calculate the remainder when 701 is divided by v(-10).
83
Suppose v - 168 + 294 = a, -2*a = -3*v - 251. What is the remainder when 6984 is divided by a?
126
Let h(g) = 233*g + 1041. Calculate the remainder when h(0) is divided by 19.
15
Suppose 11*w + 8395 + 2660 = 0. Let m = w - -1019. Let b = 109 - 56. What is the remainder when b is divided by m?
11
Let n = 1580 - 533. Calculate the remainder when n is divided by 263.
258
Let m be 140/60*(-12)/(-14). Suppose -3*w + 19 = m*j, 40 = 2*w + 3*w + 5*j. What is the remainder when w is divided by 2?
1
Suppose 7*x - 258 = x. Let w = x - 43. Let k = 9 + w. What is the remainder when 35 is divided by k?
8
Let t(i) = -7 + 4 + 17*i - 6*i. Suppose -9*k + 4*k + 125 = 0. Calculate the remainder when t(7) is divided by k.
24
Let q(d) = -97*d**2 - 16*d - 26. Let f(t) = 49*t**2 + 8*t + 12. Let k(y) = 5*f(y) + 2*q(y). Calculate the remainder when 148 is divided by k(-1).
46
Let f(r) = r**3 - 11*r**2 + 7*r + 21. Let s be f(11). Let m = s - 69. Calculate the remainder when m is divided by 10.
9
Suppose -17*s + 8*s + 1214 + 55729 = 0. What is the remainder when s is divided by 211?
208
Let x(w) be the third derivative of w**5/60 + 11*w**4/24 + 47*w**3/6 + 79*w**2 - 2. Calculate the remainder when 144 is divided by x(-10).
33
Suppose 19 + 5 = 6*k. Suppose 0*s = -j - k*s + 1, -s = -2*j + 11. Calculate the remainder when j - (-41 - (-5 + 7)) is divided by 28.
20
Let f(g) = 6*g**2 + 25*g + 6. Let z be f(-4). Suppose 85 + 88 = 5*i + 4*s, 74 = z*i + 4*s. Calculate the remainder when i is divided by 4/14 - (-262)/14.
14
Let c(q) = -26*q + 33. Let x be c(-3). Suppose 100*w = 97*w + x. Calculate the remainder when 332 is divided by w.
36
Let w = -4479 - -4702. Calculate the remainder when w is divided by 66.
25
Let z(n) = -12*n - 34. Let o(r) = 6*r + 17. Let h(g) = -5*o(g) - 2*z(g). Let c = -32 + 78. What is the remainder when c is divided by h(-4)?
4
Suppose -73 = -1219*x + 1215*x + 11. Suppose -n + 3*o = -60, -4*n = o - 74 - 153. What is the remainder when n is divided by x?
15
Let o(c) = 42*c**2 + 1. Let y = 102490 + -102340. Calculate the remainder when y is divided by o(1).
21
Let m be -109 + -2 + 2 + -1. Let s = m - -38. Let f = s - -114. What is the remainder when f is divided by 16?
10
Suppose -44*u - 677 = 23*u - 3357. What is the remainder when 707 is divided by u?
27
Let h = 1844 + -1791. Calculate the remainder when h is divided by 17.
2
Let m = -17041 - -17509. Calculate the remainder when m is divided by 14.
6
Let r be -8*-4*7/(-56). What is the remainder when 42 is divided by (r - -1)/(3 + (-48)/15)?
12
Let i be (-4 + -1 + 4)*(-1 + -6). Suppose -2*n = -1 + i, -h + 3*n + 52 = 0. Calculate the remainder when 146 is divided by h.
17
Let r be ((4 - 4)/2)/1. Suppose 5*l + l = r. Suppose 2*f - 24 = -l*f. Calculate the remainder when 34 is divided by f.
10
Suppose -5*m + 1507 = 100*o - 98*o, -4*o = 5*m - 1499. Calculate the remainder when m is divided by 106.
91
Suppose -3*z = 3*y - 74 - 16, 0 = -3*y. Calculate the remainder when (-5)/20*-454 + (-4 - (-91)/26) is divided by z.
23
Suppose -278 + 474 = -12*z - 740. Let a be 2/6 - 424/3. Let y = z - a. Calculate the remainder when y is divided by 16.
15
Suppose q = -2*q + 5*h + 10, q = 2*h + 3. Let l be 0 - -69 - 3*q/(-15). Suppose -2*c + l = 3*c. What is the remainder when 22 is divided by c?
8
Let z(u) = -2*u**3 - 24*u**2 + 23*u + 21. Let v be z(-13). Let r = v - 42. Calculate the remainder when 47 is divided by r.
11
Suppose -31*z + 28*z = 0, 5*x - 3495 = z. Calculate the remainder when x is divided by 13.
10
Let h be 212718/(-330) - 4/10. Suppose 3*a = -5*t + 12, 5 - 4 = 2*t + 5*a. Calculate the remainder when (-10)/(-8) + h/(-60) is divided by t.
0
Let v(x) = -x**3 - 42*x**2 - 45*x - 134. Let m be v(-41). What is the remainder when 216 is divided by (146/6)/((40/m)/4)?
70
Suppose 0 = -67*k + 122*k - 167640. What is the remainder when k is divided by 25?
23
Let i(j) = -j**3 + 7*j**2 + 1. Suppose 7*n - 5 = 2. Suppose n = -4*o + 5, 3*m - 5*o - 16 = 0. What is the remainder when 6 is divided by i(m)?
0
Suppose -4*l = -4*t - 2980, -5*l = -2*l - 4*t - 2239. Calculate t